{"id":470,"date":"2019-03-31T12:44:26","date_gmt":"2019-03-31T10:44:26","guid":{"rendered":"https:\/\/wundertier.de\/?page_id=470"},"modified":"2019-05-06T13:11:25","modified_gmt":"2019-05-06T11:11:25","slug":"ausstellungen","status":"publish","type":"page","link":"https:\/\/wundertier.de\/?page_id=470","title":{"rendered":"Ausstellungen"},"content":{"rendered":"\n<h2 class=\"wp-block-heading\">N\u00e4chste Ausstellung:<\/h2>\n\n\n\n<p><em>Vorab-Info: <\/em>Kunstmesse: &#8222;Cux Art&#8220; im Cuxhavener B\u00fcrgerbahnhof<br><a rel=\"noreferrer noopener\" aria-label=\"https:\/\/www.cnv-medien.de\/news\/kunstmesse-cux-art-im-cuxhavener-buergerbahnhof.html (\u00f6ffnet in neuem Tab)\" href=\"https:\/\/www.cnv-medien.de\/news\/kunstmesse-cux-art-im-cuxhavener-buergerbahnhof.html\" target=\"_blank\">https:\/\/www.cnv-medien.de\/news\/kunstmesse-cux-art-im-cuxhavener-buergerbahnhof.html<\/a><br>Bilderausstellung Oktober 2019 in Cuxhaven &#8222;Cux Art&#8220;  <\/p>\n\n\n\n<p><\/p>\n\n\n\n<h4 class=\"wp-block-heading\">R\u00fcckblick:<\/h4>\n\n\n\n<p><em>Zu sehen: <\/em>Serie <a href=\"https:\/\/wundertier.de\/?page_id=398\">&#8222;Das erste L\u00e4cheln&#8220;<\/a> &amp; <a href=\"https:\/\/wundertier.de\/?page_id=438\">&#8222;Ph\u00f6nix&#8220;<\/a><br>Bilderausstellung 12. und 13. April 2019 in Traunstein bei den Hom\u00f6opathietagen Traunstein.  <\/p>\n\n\n\n<figure class=\"wp-block-embed-wordpress wp-block-embed is-type-wp-embed is-provider-kompetenzzentrum-homoopathie\"><div class=\"wp-block-embed__wrapper\">\n<blockquote class=\"wp-embedded-content\" data-secret=\"jECyDeeKo9\"><a href=\"http:\/\/www.kompetenzzentrum-homoeopathie.de\/6-traunsteiner-homoeopathietage\/\">6. Traunsteiner Hom\u00f6opathietage<\/a><\/blockquote><iframe loading=\"lazy\" class=\"wp-embedded-content\" sandbox=\"allow-scripts\" security=\"restricted\" style=\"position: absolute; clip: rect(1px, 1px, 1px, 1px);\" src=\"http:\/\/www.kompetenzzentrum-homoeopathie.de\/6-traunsteiner-homoeopathietage\/embed\/#?secret=jECyDeeKo9\" data-secret=\"jECyDeeKo9\" width=\"600\" height=\"338\" title=\"&#8222;6. Traunsteiner Hom\u00f6opathietage&#8220; &#8212; Kompetenzzentrum Hom\u00f6opathie\" frameborder=\"0\" marginwidth=\"0\" marginheight=\"0\" scrolling=\"no\"><\/iframe>\n<\/div><figcaption> \u261b      Internetseite des Kompetenzzentrums Hom\u00f6opathie<\/figcaption><\/figure>\n\n\n\n<figure class=\"wp-block-embed-youtube wp-block-embed is-type-video is-provider-youtube wp-embed-aspect-16-9 wp-has-aspect-ratio\"><div class=\"wp-block-embed__wrapper\">\n<iframe loading=\"lazy\" width=\"980\" height=\"551\" src=\"https:\/\/www.youtube.com\/embed\/KFXim09E8l4?feature=oembed\" frameborder=\"0\" allow=\"accelerometer; autoplay; encrypted-media; gyroscope; picture-in-picture\" allowfullscreen><\/iframe>\n<\/div><\/figure>\n","protected":false},"excerpt":{"rendered":"<p>N\u00e4chste Ausstellung: Vorab-Info: Kunstmesse: &#8222;Cux Art&#8220; im Cuxhavener B\u00fcrgerbahnhofhttps:\/\/www.cnv-medien.de\/news\/kunstmesse-cux-art-im-cuxhavener-buergerbahnhof.htmlBilderausstellung Oktober 2019 in Cuxhaven &#8222;Cux Art&#8220; R\u00fcckblick: Zu sehen: Serie &#8222;Das erste L\u00e4cheln&#8220; &amp; &#8222;Ph\u00f6nix&#8220;Bilderausstellung 12. und 13. April 2019 in Traunstein bei den Hom\u00f6opathietagen Traunstein.<\/p>\n","protected":false},"author":2,"featured_media":0,"parent":0,"menu_order":0,"comment_status":"closed","ping_status":"closed","template":"","meta":{"footnotes":""},"class_list":["post-470","page","type-page","status-publish","hentry"],"_links":{"self":[{"href":"https:\/\/wundertier.de\/index.php?rest_route=\/wp\/v2\/pages\/470","targetHints":{"allow":["GET"]}}],"collection":[{"href":"https:\/\/wundertier.de\/index.php?rest_route=\/wp\/v2\/pages"}],"about":[{"href":"https:\/\/wundertier.de\/index.php?rest_route=\/wp\/v2\/types\/page"}],"author":[{"embeddable":true,"href":"https:\/\/wundertier.de\/index.php?rest_route=\/wp\/v2\/users\/2"}],"replies":[{"embeddable":true,"href":"https:\/\/wundertier.de\/index.php?rest_route=%2Fwp%2Fv2%2Fcomments&post=470"}],"version-history":[{"count":5,"href":"https:\/\/wundertier.de\/index.php?rest_route=\/wp\/v2\/pages\/470\/revisions"}],"predecessor-version":[{"id":754,"href":"https:\/\/wundertier.de\/index.php?rest_route=\/wp\/v2\/pages\/470\/revisions\/754"}],"wp:attachment":[{"href":"https:\/\/wundertier.de\/index.php?rest_route=%2Fwp%2Fv2%2Fmedia&parent=470"}],"curies":[{"name":"wp","href":"https:\/\/api.w.org\/{rel}","templated":true}]}}

<h2 class="wp-block-heading">Nächste Ausstellung:</h2>



<p><em>Vorab-Info: </em>Kunstmesse: &#8222;Cux Art&#8220; im Cuxhavener Bürgerbahnhof<br><a rel="noreferrer noopener" aria-label="https://www.cnv-medien.de/news/kunstmesse-cux-art-im-cuxhavener-buergerbahnhof.html (öffnet in neuem Tab)" href="https://www.cnv-medien.de/news/kunstmesse-cux-art-im-cuxhavener-buergerbahnhof.html" target="_blank">https://www.cnv-medien.de/news/kunstmesse-cux-art-im-cuxhavener-buergerbahnhof.html</a><br>Bilderausstellung Oktober 2019 in Cuxhaven &#8222;Cux Art&#8220;  </p>



<p></p>



<h4 class="wp-block-heading">Rückblick:</h4>



<p><em>Zu sehen: </em>Serie <a href="https://wundertier.de/?page_id=398">&#8222;Das erste Lächeln&#8220;</a> &amp; <a href="https://wundertier.de/?page_id=438">&#8222;Phönix&#8220;</a><br>Bilderausstellung 12. und 13. April 2019 in Traunstein bei den Homöopathietagen Traunstein.  </p>



<figure class="wp-block-embed-wordpress wp-block-embed is-type-wp-embed is-provider-kompetenzzentrum-homoopathie"><div class="wp-block-embed__wrapper">
<blockquote class="wp-embedded-content" data-secret="jECyDeeKo9"><a href="http://www.kompetenzzentrum-homoeopathie.de/6-traunsteiner-homoeopathietage/">6. Traunsteiner Homöopathietage</a></blockquote><iframe loading="lazy" class="wp-embedded-content" sandbox="allow-scripts" security="restricted" style="position: absolute; clip: rect(1px, 1px, 1px, 1px);" src="http://www.kompetenzzentrum-homoeopathie.de/6-traunsteiner-homoeopathietage/embed/#?secret=jECyDeeKo9" data-secret="jECyDeeKo9" width="600" height="338" title="&#8222;6. Traunsteiner Homöopathietage&#8220; &#8212; Kompetenzzentrum Homöopathie" frameborder="0" marginwidth="0" marginheight="0" scrolling="no"></iframe>
</div><figcaption> ☛      Internetseite des Kompetenzzentrums Homöopathie</figcaption></figure>



<figure class="wp-block-embed-youtube wp-block-embed is-type-video is-provider-youtube wp-embed-aspect-16-9 wp-has-aspect-ratio"><div class="wp-block-embed__wrapper">
<iframe loading="lazy" width="980" height="551" src="https://www.youtube.com/embed/KFXim09E8l4?feature=oembed" frameborder="0" allow="accelerometer; autoplay; encrypted-media; gyroscope; picture-in-picture" allowfullscreen></iframe>
</div></figure>

<p>Nächste Ausstellung: Vorab-Info: Kunstmesse: &#8222;Cux Art&#8220; im Cuxhavener Bürgerbahnhofhttps://www.cnv-medien.de/news/kunstmesse-cux-art-im-cuxhavener-buergerbahnhof.htmlBilderausstellung Oktober 2019 in Cuxhaven &#8222;Cux Art&#8220; Rückblick: Zu sehen: Serie &#8222;Das erste Lächeln&#8220; &amp; &#8222;Phönix&#8220;Bilderausstellung 12. und 13. April 2019 in Traunstein bei den Homöopathietagen Traunstein.</p>
